{"id":21208,"date":"2024-04-23T14:08:44","date_gmt":"2024-04-23T12:08:44","guid":{"rendered":"https:\/\/alpen-tour.at\/?page_id=21208"},"modified":"2025-10-01T15:05:45","modified_gmt":"2025-10-01T13:05:45","slug":"one-day","status":"publish","type":"page","link":"https:\/\/alpen-tour.at\/de\/one-day\/","title":{"rendered":"ONE DAY"},"content":{"rendered":"<section class=\"l-section wpb_row height_auto\"><div class=\"l-section-h i-cf\"><div class=\"g-cols vc_row via_grid cols_1 laptops-cols_inherit tablets-cols_inherit mobiles-cols_1 valign_middle type_default stacking_default\"><div class=\"wpb_column vc_column_container\"><div class=\"vc_column-inner\"><div class=\"w-separator size_small\"><\/div><div class=\"w-separator size_small\"><\/div><div class=\"wpb_text_column us_custom_a574d586 has_text_color\"><div class=\"wpb_wrapper\"><h1 style=\"text-align: center;\"><span style=\"color: #1a1a1a;\">ONE DAY <span style=\"color: #a7c21f;\">Alpentour Marathon<\/span><\/span><\/h1>\n<\/div><\/div><div class=\"w-separator size_small\"><\/div><div class=\"wpb_text_column\"><div class=\"wpb_wrapper\"><h3 style=\"text-align: center;\">Samstag 20. Juni 2026<\/h3>\n<\/div><\/div><div class=\"w-separator size_small\"><\/div><div class=\"w-separator size_small\"><\/div><\/div><\/div><\/div><\/div><\/section><section class=\"l-section wpb_row height_auto\"><div class=\"l-section-overlay\" style=\"background:var(--color-content-border)\"><\/div><div class=\"l-section-h i-cf\"><div class=\"g-cols vc_row via_grid cols_1 laptops-cols_inherit tablets-cols_inherit mobiles-cols_1 valign_middle type_default stacking_default\"><div class=\"wpb_column vc_column_container\"><div class=\"vc_column-inner\"><div class=\"w-separator size_small\"><\/div><div class=\"w-separator size_small\"><\/div><div class=\"wpb_text_column\"><div class=\"wpb_wrapper\"><p style=\"text-align: center;\">Angesichts der gro\u00dfartigen Resonanz auf die <strong>ONE DAY Alpentour<\/strong> freuen wir uns sehr, den Eintages-Marathon auch im Jahr 2026 wieder im Programm zu haben. Die positive R\u00fcckmeldung und das hohe Interesse der Teilnehmer haben uns best\u00e4rkt, dieses besondere Event erneut anzubieten. Wir freuen uns darauf, auch im n\u00e4chsten Jahr wieder zahlreiche begeisterte Sportler bei diesem einzigartigen Erlebnis bei einen der <strong>2 Distanzen<\/strong> in der <strong>Alpenregion Schladming Dachstein<\/strong> begr\u00fc\u00dfen zu d\u00fcrfen.<\/p>\n<\/div><\/div><div class=\"w-separator size_small\"><\/div><div class=\"w-separator size_small\"><\/div><\/div><\/div><\/div><\/div><\/section><section class=\"l-section wpb_row height_auto\"><div class=\"l-section-h i-cf\"><div class=\"g-cols vc_row via_grid cols_2 laptops-cols_inherit tablets-cols_inherit mobiles-cols_1 valign_middle type_default stacking_default\" style=\"--columns-gap:0rem;\"><div class=\"wpb_column vc_column_container\"><div class=\"vc_column-inner\"><div class=\"w-separator size_small\"><\/div><div class=\"w-separator size_small\"><\/div><div class=\"wpb_text_column\"><div class=\"wpb_wrapper\"><ul>\n<li class=\"p1\"><b>07:30-09:00 <\/b><b>Startnummernausgabe<br \/>\n<\/b>Hohenhaus Tenne Schladming<br \/>\nNachnennung m\u00f6glich<\/li>\n<li class=\"p2\"><b>10:15 <\/b><b>START<br \/>\n<\/b>Hauptplatz Schladming<\/li>\n<li class=\"p2\"><b>Ziel &#8211; <\/b>Planai Stadion<\/li>\n<li class=\"p2\"><b>Siegerehrung &#8211; <\/b>Planai Stadion<br \/>\nnach den ersten 3 Fahrerinnen je Kategorie<\/li>\n<li class=\"p7\"><b>Preise:<\/b> Gutscheine f\u00fcr Alpentour Trophy 2026, One Day Alpentour 2026 &amp; City Hill Climb 2025<\/li>\n<\/ul>\n<\/div><\/div><div class=\"w-separator size_small\"><\/div><div class=\"w-btn-wrapper align_left\"><a class=\"w-btn us-btn-style_1\" title=\"Register\" href=\"https:\/\/alpen-tour.at\/register\/\"><span class=\"w-btn-label\">Register<\/span><\/a><\/div><div class=\"w-separator size_small\"><\/div><div class=\"w-separator size_small\"><\/div><\/div><\/div><div class=\"wpb_column vc_column_container us_custom_af0e0df9 hide_on_mobiles has_bg_color\"><div class=\"vc_column-inner\"><div class=\"w-separator size_custom\" style=\"height:300px\"><\/div><\/div><\/div><\/div><\/div><\/section><section class=\"l-section wpb_row height_auto\"><div class=\"l-section-h i-cf\"><div class=\"g-cols vc_row via_grid cols_2 laptops-cols_inherit tablets-cols_inherit mobiles-cols_1 valign_middle type_boxes stacking_default\" style=\"--columns-gap:0rem;\"><div class=\"wpb_column vc_column_container us_custom_e9a51f97 has_bg_color\"><div class=\"vc_column-inner\"><div class=\"w-separator size_custom\" style=\"height:300px\"><\/div><\/div><\/div><div class=\"wpb_column vc_column_container\"><div class=\"vc_column-inner\"><div class=\"wpb_text_column\"><div class=\"wpb_wrapper\"><h3><strong>ONE DAY Alpentour<\/strong><\/h3>\n<p>Ein herausforderndes Rennen \u00fcber <strong>59 km und 2580 hm<\/strong> gleich wie die 3. Etappe der Alpentour Schladming Dachstein.<\/p>\n<h3><strong>ONE DAY Medium<\/strong><\/h3>\n<p>Eine k\u00fcrzere Version des Marathons mit einer Distanz von <strong>31 km und 1170 hm<\/strong>, auf der ersten H\u00e4lfte der dritten Etappe.<\/p>\n<\/div><\/div><div class=\"w-separator size_small\"><\/div><div class=\"w-btn-wrapper align_left\"><a class=\"w-btn us-btn-style_1\" title=\"Register\" href=\"https:\/\/alpen-tour.at\/register\/\"><span class=\"w-btn-label\">Register<\/span><\/a><\/div><div class=\"w-separator size_small\"><\/div><\/div><\/div><\/div><\/div><\/section><section class=\"l-section wpb_row height_small\"><div class=\"l-section-overlay\" style=\"background:var(--color-content-border)\"><\/div><div class=\"l-section-h i-cf\"><div class=\"g-cols vc_row via_grid cols_2 laptops-cols_inherit tablets-cols_inherit mobiles-cols_1 valign_middle type_boxes stacking_default\" style=\"--columns-gap:0rem;\"><div class=\"wpb_column vc_column_container\"><div class=\"vc_column-inner\"><div class=\"wpb_text_column\"><div class=\"wpb_wrapper\"><h3><b>ONE DAY Alpentour<\/b><\/h3>\n<p><strong>Strecke: <\/strong>59 km \/ 2580 vm<br \/>\n<strong>Teilnahmegeb\u00fchr: <\/strong>Euro 65,-<\/p>\n<p><strong>Package<\/strong><\/p>\n<ul>\n<li><span class=\"text\">Alpentour T-Shirt<\/span><\/li>\n<li><span class=\"text\">Verpflegungsstation<\/span><\/li>\n<li><span class=\"text\"> Startergeschenk<\/span><\/li>\n<li><span class=\"text\">Tourprogramm &amp; Adventure Magazin<\/span><\/li>\n<li><span class=\"text\"> Lenkernummer<\/span><\/li>\n<li>Bike Wash Area &amp; Chill out Area<\/li>\n<li>GPS Tracks (5 Tage vor dem Bewerb)<\/li>\n<\/ul>\n<\/div><\/div><div class=\"w-separator size_small\"><\/div><div class=\"w-btn-wrapper align_left\"><a class=\"w-btn us-btn-style_1\" title=\"Register\" href=\"https:\/\/alpen-tour.at\/register\/\"><span class=\"w-btn-label\">Register<\/span><\/a><\/div><\/div><\/div><div class=\"wpb_column vc_column_container us_custom_cf8933d8 has_bg_color\"><div class=\"vc_column-inner\"><div class=\"w-separator size_custom\" style=\"height:300px\"><\/div><\/div><\/div><\/div><\/div><\/section><section class=\"l-section wpb_row height_auto\"><div class=\"l-section-h i-cf\"><div class=\"g-cols vc_row via_grid cols_2 laptops-cols_inherit tablets-cols_inherit mobiles-cols_1 valign_middle type_boxes stacking_default\" style=\"--columns-gap:0rem;\"><div class=\"wpb_column vc_column_container us_custom_5ec1f122 has_bg_color\"><div class=\"vc_column-inner\"><div class=\"w-separator size_custom\" style=\"height:300px\"><\/div><\/div><\/div><div class=\"wpb_column vc_column_container\"><div class=\"vc_column-inner\"><div class=\"wpb_text_column\"><div class=\"wpb_wrapper\"><h3><b>ONE DAY Medium<\/b><\/h3>\n<p><strong>Strecke: <\/strong>31 km \/ 1170 hm<br \/>\n<strong>Teilnahmegeb\u00fchr: <\/strong>Euro 40,-<\/p>\n<p><strong>Package<\/strong><\/p>\n<ul>\n<li><span class=\"text\">Verpflegungsstation<\/span><\/li>\n<li><span class=\"text\"> Startergeschenk<\/span><\/li>\n<li><span class=\"text\">Tourprogramm &amp; Adventure Magazin<\/span><\/li>\n<li><span class=\"text\"> Lenkernummer<\/span><\/li>\n<li>Bike Wash Area &amp; Chill out Area<\/li>\n<li>GPS Tracks (5 Tage vor dem Bewerb)<\/li>\n<\/ul>\n<\/div><\/div><div class=\"w-separator size_small\"><\/div><div class=\"w-btn-wrapper align_left\"><a class=\"w-btn us-btn-style_1\" title=\"Register\" href=\"https:\/\/alpen-tour.at\/register\/\"><span class=\"w-btn-label\">Register<\/span><\/a><\/div><div class=\"w-separator size_small\"><\/div><\/div><\/div><\/div><\/div><\/section><section class=\"l-section wpb_row height_auto\"><div class=\"l-section-h i-cf\"><div class=\"g-cols vc_row via_grid cols_1 laptops-cols_inherit tablets-cols_inherit mobiles-cols_1 valign_middle type_boxes stacking_default\" style=\"--columns-gap:0rem;\"><div class=\"wpb_column vc_column_container\"><div class=\"vc_column-inner\"><div class=\"w-image align_none\"><div class=\"w-image-h\"><img decoding=\"async\" width=\"1024\" height=\"490\" src=\"https:\/\/alpen-tour.at\/wp-content\/uploads\/2025\/06\/Profile_Reiteralm_2025-1024x490.png\" class=\"attachment-large size-large\" alt=\"\" loading=\"lazy\" srcset=\"https:\/\/alpen-tour.at\/wp-content\/uploads\/2025\/06\/Profile_Reiteralm_2025-1024x490.png 1024w, https:\/\/alpen-tour.at\/wp-content\/uploads\/2025\/06\/Profile_Reiteralm_2025-300x144.png 300w, https:\/\/alpen-tour.at\/wp-content\/uploads\/2025\/06\/Profile_Reiteralm_2025-600x287.png 600w, https:\/\/alpen-tour.at\/wp-content\/uploads\/2025\/06\/Profile_Reiteralm_2025.png 1613w\" sizes=\"(max-width: 1024px) 100vw, 1024px\" \/><\/div><\/div><div class=\"w-separator size_small\"><\/div><div class=\"w-image align_none\"><a ref=\"magnificPopup\" href=\"https:\/\/alpen-tour.at\/wp-content\/uploads\/2025\/06\/Maps_Alpentour_Reiteralm.jpg\" aria-label=\"Maps_Alpentour_Reiteralm\" class=\"w-image-h\"><img decoding=\"async\" width=\"1024\" height=\"629\" src=\"https:\/\/alpen-tour.at\/wp-content\/uploads\/2025\/06\/Maps_Alpentour_Reiteralm-1024x629.jpg\" class=\"attachment-large size-large\" alt=\"\" loading=\"lazy\" srcset=\"https:\/\/alpen-tour.at\/wp-content\/uploads\/2025\/06\/Maps_Alpentour_Reiteralm-1024x629.jpg 1024w, https:\/\/alpen-tour.at\/wp-content\/uploads\/2025\/06\/Maps_Alpentour_Reiteralm-300x184.jpg 300w, https:\/\/alpen-tour.at\/wp-content\/uploads\/2025\/06\/Maps_Alpentour_Reiteralm-600x369.jpg 600w, https:\/\/alpen-tour.at\/wp-content\/uploads\/2025\/06\/Maps_Alpentour_Reiteralm.jpg 1654w\" sizes=\"(max-width: 1024px) 100vw, 1024px\" \/><\/a><\/div><\/div><\/div><\/div><\/div><\/section>\n","protected":false},"excerpt":{"rendered":"ONE DAY Alpentour Marathon Samstag 20. Juni 2026 Angesichts der gro\u00dfartigen Resonanz auf die ONE DAY Alpentour freuen wir uns sehr, den Eintages-Marathon auch im Jahr 2026 wieder im Programm zu haben. Die positive R\u00fcckmeldung und das hohe Interesse der Teilnehmer haben uns best\u00e4rkt, dieses besondere Event erneut anzubieten. Wir freuen uns darauf, auch im...","protected":false},"author":1,"featured_media":0,"parent":0,"menu_order":2,"comment_status":"closed","ping_status":"closed","template":"","meta":{"footnotes":""},"class_list":["post-21208","page","type-page","status-publish","hentry"],"_links":{"self":[{"href":"https:\/\/alpen-tour.at\/de\/wp-json\/wp\/v2\/pages\/21208"}],"collection":[{"href":"https:\/\/alpen-tour.at\/de\/wp-json\/wp\/v2\/pages"}],"about":[{"href":"https:\/\/alpen-tour.at\/de\/wp-json\/wp\/v2\/types\/page"}],"author":[{"embeddable":true,"href":"https:\/\/alpen-tour.at\/de\/wp-json\/wp\/v2\/users\/1"}],"replies":[{"embeddable":true,"href":"https:\/\/alpen-tour.at\/de\/wp-json\/wp\/v2\/comments?post=21208"}],"version-history":[{"count":29,"href":"https:\/\/alpen-tour.at\/de\/wp-json\/wp\/v2\/pages\/21208\/revisions"}],"predecessor-version":[{"id":34768,"href":"https:\/\/alpen-tour.at\/de\/wp-json\/wp\/v2\/pages\/21208\/revisions\/34768"}],"wp:attachment":[{"href":"https:\/\/alpen-tour.at\/de\/wp-json\/wp\/v2\/media?parent=21208"}],"curies":[{"name":"wp","href":"https:\/\/api.w.org\/{rel}","templated":true}]}}

<section class="l-section wpb_row height_auto"><div class="l-section-h i-cf"><div class="g-cols vc_row via_grid cols_1 laptops-cols_inherit tablets-cols_inherit mobiles-cols_1 valign_middle type_default stacking_default"><div class="wpb_column vc_column_container"><div class="vc_column-inner"><div class="w-separator size_small"></div><div class="w-separator size_small"></div><div class="wpb_text_column us_custom_a574d586 has_text_color"><div class="wpb_wrapper"><h1 style="text-align: center;"><span style="color: #1a1a1a;">ONE DAY <span style="color: #a7c21f;">Alpentour Marathon</span></span></h1>
</div></div><div class="w-separator size_small"></div><div class="wpb_text_column"><div class="wpb_wrapper"><h3 style="text-align: center;">Samstag 20. Juni 2026</h3>
</div></div><div class="w-separator size_small"></div><div class="w-separator size_small"></div></div></div></div></div></section><section class="l-section wpb_row height_auto"><div class="l-section-overlay" style="background:var(--color-content-border)"></div><div class="l-section-h i-cf"><div class="g-cols vc_row via_grid cols_1 laptops-cols_inherit tablets-cols_inherit mobiles-cols_1 valign_middle type_default stacking_default"><div class="wpb_column vc_column_container"><div class="vc_column-inner"><div class="w-separator size_small"></div><div class="w-separator size_small"></div><div class="wpb_text_column"><div class="wpb_wrapper"><p style="text-align: center;">Angesichts der großartigen Resonanz auf die <strong>ONE DAY Alpentour</strong> freuen wir uns sehr, den Eintages-Marathon auch im Jahr 2026 wieder im Programm zu haben. Die positive Rückmeldung und das hohe Interesse der Teilnehmer haben uns bestärkt, dieses besondere Event erneut anzubieten. Wir freuen uns darauf, auch im nächsten Jahr wieder zahlreiche begeisterte Sportler bei diesem einzigartigen Erlebnis bei einen der <strong>2 Distanzen</strong> in der <strong>Alpenregion Schladming Dachstein</strong> begrüßen zu dürfen.</p>
</div></div><div class="w-separator size_small"></div><div class="w-separator size_small"></div></div></div></div></div></section><section class="l-section wpb_row height_auto"><div class="l-section-h i-cf"><div class="g-cols vc_row via_grid cols_2 laptops-cols_inherit tablets-cols_inherit mobiles-cols_1 valign_middle type_default stacking_default" style="--columns-gap:0rem;"><div class="wpb_column vc_column_container"><div class="vc_column-inner"><div class="w-separator size_small"></div><div class="w-separator size_small"></div><div class="wpb_text_column"><div class="wpb_wrapper"><ul>
<li class="p1"><b>07:30-09:00 </b><b>Startnummernausgabe<br />
</b>Hohenhaus Tenne Schladming<br />
Nachnennung möglich</li>
<li class="p2"><b>10:15 </b><b>START<br />
</b>Hauptplatz Schladming</li>
<li class="p2"><b>Ziel &#8211; </b>Planai Stadion</li>
<li class="p2"><b>Siegerehrung &#8211; </b>Planai Stadion<br />
nach den ersten 3 Fahrerinnen je Kategorie</li>
<li class="p7"><b>Preise:</b> Gutscheine für Alpentour Trophy 2026, One Day Alpentour 2026 &amp; City Hill Climb 2025</li>
</ul>
</div></div><div class="w-separator size_small"></div><div class="w-btn-wrapper align_left"><a class="w-btn us-btn-style_1" title="Register" href="https://alpen-tour.at/register/"><span class="w-btn-label">Register</span></a></div><div class="w-separator size_small"></div><div class="w-separator size_small"></div></div></div><div class="wpb_column vc_column_container us_custom_af0e0df9 hide_on_mobiles has_bg_color"><div class="vc_column-inner"><div class="w-separator size_custom" style="height:300px"></div></div></div></div></div></section><section class="l-section wpb_row height_auto"><div class="l-section-h i-cf"><div class="g-cols vc_row via_grid cols_2 laptops-cols_inherit tablets-cols_inherit mobiles-cols_1 valign_middle type_boxes stacking_default" style="--columns-gap:0rem;"><div class="wpb_column vc_column_container us_custom_e9a51f97 has_bg_color"><div class="vc_column-inner"><div class="w-separator size_custom" style="height:300px"></div></div></div><div class="wpb_column vc_column_container"><div class="vc_column-inner"><div class="wpb_text_column"><div class="wpb_wrapper"><h3><strong>ONE DAY Alpentour</strong></h3>
<p>Ein herausforderndes Rennen über <strong>59 km und 2580 hm</strong> gleich wie die 3. Etappe der Alpentour Schladming Dachstein.</p>
<h3><strong>ONE DAY Medium</strong></h3>
<p>Eine kürzere Version des Marathons mit einer Distanz von <strong>31 km und 1170 hm</strong>, auf der ersten Hälfte der dritten Etappe.</p>
</div></div><div class="w-separator size_small"></div><div class="w-btn-wrapper align_left"><a class="w-btn us-btn-style_1" title="Register" href="https://alpen-tour.at/register/"><span class="w-btn-label">Register</span></a></div><div class="w-separator size_small"></div></div></div></div></div></section><section class="l-section wpb_row height_small"><div class="l-section-overlay" style="background:var(--color-content-border)"></div><div class="l-section-h i-cf"><div class="g-cols vc_row via_grid cols_2 laptops-cols_inherit tablets-cols_inherit mobiles-cols_1 valign_middle type_boxes stacking_default" style="--columns-gap:0rem;"><div class="wpb_column vc_column_container"><div class="vc_column-inner"><div class="wpb_text_column"><div class="wpb_wrapper"><h3><b>ONE DAY Alpentour</b></h3>
<p><strong>Strecke: </strong>59 km / 2580 vm<br />
<strong>Teilnahmegebühr: </strong>Euro 65,-</p>
<p><strong>Package</strong></p>
<ul>
<li><span class="text">Alpentour T-Shirt</span></li>
<li><span class="text">Verpflegungsstation</span></li>
<li><span class="text"> Startergeschenk</span></li>
<li><span class="text">Tourprogramm &amp; Adventure Magazin</span></li>
<li><span class="text"> Lenkernummer</span></li>
<li>Bike Wash Area &amp; Chill out Area</li>
<li>GPS Tracks (5 Tage vor dem Bewerb)</li>
</ul>
</div></div><div class="w-separator size_small"></div><div class="w-btn-wrapper align_left"><a class="w-btn us-btn-style_1" title="Register" href="https://alpen-tour.at/register/"><span class="w-btn-label">Register</span></a></div></div></div><div class="wpb_column vc_column_container us_custom_cf8933d8 has_bg_color"><div class="vc_column-inner"><div class="w-separator size_custom" style="height:300px"></div></div></div></div></div></section><section class="l-section wpb_row height_auto"><div class="l-section-h i-cf"><div class="g-cols vc_row via_grid cols_2 laptops-cols_inherit tablets-cols_inherit mobiles-cols_1 valign_middle type_boxes stacking_default" style="--columns-gap:0rem;"><div class="wpb_column vc_column_container us_custom_5ec1f122 has_bg_color"><div class="vc_column-inner"><div class="w-separator size_custom" style="height:300px"></div></div></div><div class="wpb_column vc_column_container"><div class="vc_column-inner"><div class="wpb_text_column"><div class="wpb_wrapper"><h3><b>ONE DAY Medium</b></h3>
<p><strong>Strecke: </strong>31 km / 1170 hm<br />
<strong>Teilnahmegebühr: </strong>Euro 40,-</p>
<p><strong>Package</strong></p>
<ul>
<li><span class="text">Verpflegungsstation</span></li>
<li><span class="text"> Startergeschenk</span></li>
<li><span class="text">Tourprogramm &amp; Adventure Magazin</span></li>
<li><span class="text"> Lenkernummer</span></li>
<li>Bike Wash Area &amp; Chill out Area</li>
<li>GPS Tracks (5 Tage vor dem Bewerb)</li>
</ul>
</div></div><div class="w-separator size_small"></div><div class="w-btn-wrapper align_left"><a class="w-btn us-btn-style_1" title="Register" href="https://alpen-tour.at/register/"><span class="w-btn-label">Register</span></a></div><div class="w-separator size_small"></div></div></div></div></div></section><section class="l-section wpb_row height_auto"><div class="l-section-h i-cf"><div class="g-cols vc_row via_grid cols_1 laptops-cols_inherit tablets-cols_inherit mobiles-cols_1 valign_middle type_boxes stacking_default" style="--columns-gap:0rem;"><div class="wpb_column vc_column_container"><div class="vc_column-inner"><div class="w-image align_none"><div class="w-image-h"><img decoding="async" width="1024" height="490" src="https://alpen-tour.at/wp-content/uploads/2025/06/Profile_Reiteralm_2025-1024x490.png" class="attachment-large size-large" alt="" loading="lazy" srcset="https://alpen-tour.at/wp-content/uploads/2025/06/Profile_Reiteralm_2025-1024x490.png 1024w, https://alpen-tour.at/wp-content/uploads/2025/06/Profile_Reiteralm_2025-300x144.png 300w, https://alpen-tour.at/wp-content/uploads/2025/06/Profile_Reiteralm_2025-600x287.png 600w, https://alpen-tour.at/wp-content/uploads/2025/06/Profile_Reiteralm_2025.png 1613w" sizes="(max-width: 1024px) 100vw, 1024px" /></div></div><div class="w-separator size_small"></div><div class="w-image align_none"><a ref="magnificPopup" href="https://alpen-tour.at/wp-content/uploads/2025/06/Maps_Alpentour_Reiteralm.jpg" aria-label="Maps_Alpentour_Reiteralm" class="w-image-h"><img decoding="async" width="1024" height="629" src="https://alpen-tour.at/wp-content/uploads/2025/06/Maps_Alpentour_Reiteralm-1024x629.jpg" class="attachment-large size-large" alt="" loading="lazy" srcset="https://alpen-tour.at/wp-content/uploads/2025/06/Maps_Alpentour_Reiteralm-1024x629.jpg 1024w, https://alpen-tour.at/wp-content/uploads/2025/06/Maps_Alpentour_Reiteralm-300x184.jpg 300w, https://alpen-tour.at/wp-content/uploads/2025/06/Maps_Alpentour_Reiteralm-600x369.jpg 600w, https://alpen-tour.at/wp-content/uploads/2025/06/Maps_Alpentour_Reiteralm.jpg 1654w" sizes="(max-width: 1024px) 100vw, 1024px" /></a></div></div></div></div></div></section>

ONE DAY Alpentour Marathon Samstag 20. Juni 2026 Angesichts der großartigen Resonanz auf die ONE DAY Alpentour freuen wir uns sehr, den Eintages-Marathon auch im Jahr 2026 wieder im Programm zu haben. Die positive Rückmeldung und das hohe Interesse der Teilnehmer haben uns bestärkt, dieses besondere Event erneut anzubieten. Wir freuen uns darauf, auch im...
