{"id":13348,"date":"2023-03-01T08:43:01","date_gmt":"2023-03-01T07:43:01","guid":{"rendered":"https:\/\/alpen-tour.at\/?page_id=13348"},"modified":"2023-03-01T08:44:12","modified_gmt":"2023-03-01T07:44:12","slug":"weltcup-city-schladming","status":"publish","type":"page","link":"https:\/\/alpen-tour.at\/de\/weltcup-city-schladming\/","title":{"rendered":"Weltcup City Schladming"},"content":{"rendered":"<section class=\"l-section wpb_row height_auto\"><div class=\"l-section-h i-cf\"><div class=\"g-cols vc_row via_grid cols_2 laptops-cols_inherit tablets-cols_inherit mobiles-cols_1 valign_middle type_boxes stacking_default\" style=\"--columns-gap:0rem;\"><div class=\"wpb_column vc_column_container us_custom_ce79caf8 has_bg_color\"><div class=\"vc_column-inner\"><\/div><\/div><div class=\"wpb_column vc_column_container\"><div class=\"vc_column-inner\"><div class=\"wpb_text_column\"><div class=\"wpb_wrapper\"><h5>Schiweltcup Schladming Night Race<\/h5>\n<p>Jedes Jahr im J\u00e4nner findet auf der Schladminger Planai das mit 50.000 Zuschauern gr\u00f6\u00dfte Schirennen der Welt statt.<\/p>\n<p>Die TeilnehmerInnen der Alpentour bew\u00e4ltigen t\u00e4glich den prominenten Zielhang.<\/p>\n<p>Die Region-Schladming-Dachstein ist mit seiner traumhaften Bergwelt eine Ganzjahresurlaubsdestination: sie l\u00e4dt zum Skifahren, Radfahren, Wandern und vielen anderen Outdoor-Aktivit\u00e4ten ein.<\/p>\n<\/div><\/div><div class=\"w-separator size_medium\"><\/div><\/div><\/div><\/div><\/div><\/section>\n","protected":false},"excerpt":{"rendered":"Schiweltcup Schladming Night Race Jedes Jahr im J\u00e4nner findet auf der Schladminger Planai das mit 50.000 Zuschauern gr\u00f6\u00dfte Schirennen der Welt statt. Die TeilnehmerInnen der Alpentour bew\u00e4ltigen t\u00e4glich den prominenten Zielhang. Die Region-Schladming-Dachstein ist mit seiner traumhaften Bergwelt eine Ganzjahresurlaubsdestination: sie l\u00e4dt zum Skifahren, Radfahren, Wandern und vielen anderen Outdoor-Aktivit\u00e4ten ein.","protected":false},"author":6,"featured_media":0,"parent":0,"menu_order":10,"comment_status":"closed","ping_status":"closed","template":"","meta":{"footnotes":""},"class_list":["post-13348","page","type-page","status-publish","hentry"],"_links":{"self":[{"href":"https:\/\/alpen-tour.at\/de\/wp-json\/wp\/v2\/pages\/13348"}],"collection":[{"href":"https:\/\/alpen-tour.at\/de\/wp-json\/wp\/v2\/pages"}],"about":[{"href":"https:\/\/alpen-tour.at\/de\/wp-json\/wp\/v2\/types\/page"}],"author":[{"embeddable":true,"href":"https:\/\/alpen-tour.at\/de\/wp-json\/wp\/v2\/users\/6"}],"replies":[{"embeddable":true,"href":"https:\/\/alpen-tour.at\/de\/wp-json\/wp\/v2\/comments?post=13348"}],"version-history":[{"count":2,"href":"https:\/\/alpen-tour.at\/de\/wp-json\/wp\/v2\/pages\/13348\/revisions"}],"predecessor-version":[{"id":13354,"href":"https:\/\/alpen-tour.at\/de\/wp-json\/wp\/v2\/pages\/13348\/revisions\/13354"}],"wp:attachment":[{"href":"https:\/\/alpen-tour.at\/de\/wp-json\/wp\/v2\/media?parent=13348"}],"curies":[{"name":"wp","href":"https:\/\/api.w.org\/{rel}","templated":true}]}}

<section class="l-section wpb_row height_auto"><div class="l-section-h i-cf"><div class="g-cols vc_row via_grid cols_2 laptops-cols_inherit tablets-cols_inherit mobiles-cols_1 valign_middle type_boxes stacking_default" style="--columns-gap:0rem;"><div class="wpb_column vc_column_container us_custom_ce79caf8 has_bg_color"><div class="vc_column-inner"></div></div><div class="wpb_column vc_column_container"><div class="vc_column-inner"><div class="wpb_text_column"><div class="wpb_wrapper"><h5>Schiweltcup Schladming Night Race</h5>
<p>Jedes Jahr im Jänner findet auf der Schladminger Planai das mit 50.000 Zuschauern größte Schirennen der Welt statt.</p>
<p>Die TeilnehmerInnen der Alpentour bewältigen täglich den prominenten Zielhang.</p>
<p>Die Region-Schladming-Dachstein ist mit seiner traumhaften Bergwelt eine Ganzjahresurlaubsdestination: sie lädt zum Skifahren, Radfahren, Wandern und vielen anderen Outdoor-Aktivitäten ein.</p>
</div></div><div class="w-separator size_medium"></div></div></div></div></div></section>

Schiweltcup Schladming Night Race Jedes Jahr im Jänner findet auf der Schladminger Planai das mit 50.000 Zuschauern größte Schirennen der Welt statt. Die TeilnehmerInnen der Alpentour bewältigen täglich den prominenten Zielhang. Die Region-Schladming-Dachstein ist mit seiner traumhaften Bergwelt eine Ganzjahresurlaubsdestination: sie lädt zum Skifahren, Radfahren, Wandern und vielen anderen Outdoor-Aktivitäten ein.
