{"id":13155,"date":"2023-02-14T09:10:51","date_gmt":"2023-02-14T08:10:51","guid":{"rendered":"https:\/\/alpen-tour.at\/?page_id=13155"},"modified":"2023-10-06T16:35:46","modified_gmt":"2023-10-06T14:35:46","slug":"anreise","status":"publish","type":"page","link":"https:\/\/alpen-tour.at\/de\/anreise\/","title":{"rendered":"Anreise Schladming"},"content":{"rendered":"<section class=\"l-section wpb_row height_auto\"><div class=\"l-section-h i-cf\"><div class=\"g-cols vc_row via_grid cols_2 laptops-cols_inherit tablets-cols_inherit mobiles-cols_1 valign_middle type_boxes stacking_default\" style=\"--columns-gap:0rem;\"><div class=\"wpb_column vc_column_container us_custom_9a5ed48d has_bg_color\"><div class=\"vc_column-inner\"><\/div><\/div><div class=\"wpb_column vc_column_container\"><div class=\"vc_column-inner\"><div class=\"wpb_text_column\"><div class=\"wpb_wrapper\"><h5><strong>An- und Abreise per Flugzeug &#8211; Weiterreise mit dem Zug<\/strong><\/h5>\n<p><strong>nach\/von M\u00fcnchen<\/strong>:<br \/>\nM\u00fcnchen Flughafen \u2013 Schladming Bahnhof, Zug f\u00e4hrt jede Stunde, 1-3x umsteigen, Fahrzeit 4:06 bis 4:26, Radmitnahme m\u00f6glich, Sparschiene bei Fr\u00fchbucher (Preis ab \u20ac 17,20 pro Richtung)<\/p>\n<p><strong>nach\/von Salzburg<\/strong>:<br \/>\nSalzburg Flughafen \u2013 Schladming Bahnhof, Zug f\u00e4hrt jede Stunde, 1-3x umsteigen, Fahrzeit: 2:01 bis 2:24, Radmitnahme m\u00f6glich, Sparschiene bei Fr\u00fchbucher (Preis ab \u20ac 9,90 pro Richtung)<\/p>\n<p><strong>nach\/von Wien<\/strong>:<br \/>\nFahrzeit ab Wien Hauptbahnhof 3:51 (1x umsteigen), Sparschiene bei Fr\u00fchbucher (ab \u20ac 19,90 pro Richtung). Radmitnahme m\u00f6glich<\/p>\n<p>Alle Zug-Informationen unter: <a href=\"http:\/\/www.oebb.at\">www.oebb.at<\/a><\/p>\n<p>Anreise mit der Deutschen Bahn: <a href=\"http:\/\/www.bahn.de\">www.bahn.de<\/a><\/p>\n<\/div><\/div><div class=\"w-separator size_medium\"><\/div><\/div><\/div><\/div><\/div><\/section><section class=\"l-section wpb_row height_auto\"><div class=\"l-section-h i-cf\"><div class=\"g-cols vc_row via_grid cols_2 laptops-cols_inherit tablets-cols_inherit mobiles-cols_1 valign_middle type_boxes stacking_default\" style=\"--columns-gap:0rem;\"><div class=\"wpb_column vc_column_container\"><div class=\"vc_column-inner\"><div class=\"wpb_text_column\"><div class=\"wpb_wrapper\"><h5><strong>An- und Abreise mit dem PKW<\/strong><\/h5>\n<p><strong>nach\/von M\u00fcnchen<\/strong>:<br \/>\nFahrzeit 2:40, A8 ab M\u00fcnchen bis Salzburg, weiter die A10 bis Abfahrt Altenmarkt, weiter auf der E320 nach Schladming<\/p>\n<p><strong>nach\/von Salzburg<\/strong>:<br \/>\nFahrzeit 1:02, A1, A10 bis Abfahrt Altenmarkt, weiter auf E320 nach Schladming<\/p>\n<p><strong>nach\/von Wien<\/strong>:<br \/>\nFahrzeit 3:15, A2 bis Wr. Neustadt, S6 bis St. Michael, A9 bis Liezen, B320 bis Schladming<\/p>\n<\/div><\/div><\/div><\/div><div class=\"wpb_column vc_column_container us_custom_7c57c62e has_bg_color\"><div class=\"vc_column-inner\"><\/div><\/div><\/div><\/div><\/section><section class=\"l-section wpb_row height_auto\"><div class=\"l-section-h i-cf\"><div class=\"g-cols vc_row via_grid cols_1 laptops-cols_inherit tablets-cols_inherit mobiles-cols_1 valign_middle type_boxes stacking_default\" style=\"--columns-gap:0rem;\"><div class=\"wpb_column vc_column_container\"><div class=\"vc_column-inner\"><\/div><\/div><\/div><\/div><\/section><section class=\"l-section wpb_row height_auto width_full with_img parallax_ver\"><div class=\"l-section-img\" role=\"img\" aria-label=\"Bild\" data-img-width=\"7360\" data-img-height=\"4912\" style=\"background-image: url(https:\/\/alpen-tour.at\/wp-content\/uploads\/2019\/06\/AT_2019_REITERALM\u00a9RS-4892.jpg);\"><\/div><div class=\"l-section-h i-cf\"><div class=\"g-cols vc_row via_grid cols_1 laptops-cols_inherit tablets-cols_inherit mobiles-cols_1 valign_middle type_boxes stacking_default\" style=\"--columns-gap:0rem;\"><div class=\"wpb_column vc_column_container\"><div class=\"vc_column-inner\"><\/div><\/div><\/div><\/div><\/section>\n","protected":false},"excerpt":{"rendered":"An- und Abreise per Flugzeug &#8211; Weiterreise mit dem Zug nach\/von M\u00fcnchen: M\u00fcnchen Flughafen \u2013 Schladming Bahnhof, Zug f\u00e4hrt jede Stunde, 1-3x umsteigen, Fahrzeit 4:06 bis 4:26, Radmitnahme m\u00f6glich, Sparschiene bei Fr\u00fchbucher (Preis ab \u20ac 17,20 pro Richtung) nach\/von Salzburg: Salzburg Flughafen \u2013 Schladming Bahnhof, Zug f\u00e4hrt jede Stunde, 1-3x umsteigen, Fahrzeit: 2:01 bis 2:24,...","protected":false},"author":6,"featured_media":0,"parent":0,"menu_order":40,"comment_status":"closed","ping_status":"closed","template":"","meta":{"footnotes":""},"class_list":["post-13155","page","type-page","status-publish","hentry"],"_links":{"self":[{"href":"https:\/\/alpen-tour.at\/de\/wp-json\/wp\/v2\/pages\/13155"}],"collection":[{"href":"https:\/\/alpen-tour.at\/de\/wp-json\/wp\/v2\/pages"}],"about":[{"href":"https:\/\/alpen-tour.at\/de\/wp-json\/wp\/v2\/types\/page"}],"author":[{"embeddable":true,"href":"https:\/\/alpen-tour.at\/de\/wp-json\/wp\/v2\/users\/6"}],"replies":[{"embeddable":true,"href":"https:\/\/alpen-tour.at\/de\/wp-json\/wp\/v2\/comments?post=13155"}],"version-history":[{"count":12,"href":"https:\/\/alpen-tour.at\/de\/wp-json\/wp\/v2\/pages\/13155\/revisions"}],"predecessor-version":[{"id":13340,"href":"https:\/\/alpen-tour.at\/de\/wp-json\/wp\/v2\/pages\/13155\/revisions\/13340"}],"wp:attachment":[{"href":"https:\/\/alpen-tour.at\/de\/wp-json\/wp\/v2\/media?parent=13155"}],"curies":[{"name":"wp","href":"https:\/\/api.w.org\/{rel}","templated":true}]}}

<section class="l-section wpb_row height_auto"><div class="l-section-h i-cf"><div class="g-cols vc_row via_grid cols_2 laptops-cols_inherit tablets-cols_inherit mobiles-cols_1 valign_middle type_boxes stacking_default" style="--columns-gap:0rem;"><div class="wpb_column vc_column_container us_custom_9a5ed48d has_bg_color"><div class="vc_column-inner"></div></div><div class="wpb_column vc_column_container"><div class="vc_column-inner"><div class="wpb_text_column"><div class="wpb_wrapper"><h5><strong>An- und Abreise per Flugzeug &#8211; Weiterreise mit dem Zug</strong></h5>
<p><strong>nach/von München</strong>:<br />
München Flughafen – Schladming Bahnhof, Zug fährt jede Stunde, 1-3x umsteigen, Fahrzeit 4:06 bis 4:26, Radmitnahme möglich, Sparschiene bei Frühbucher (Preis ab € 17,20 pro Richtung)</p>
<p><strong>nach/von Salzburg</strong>:<br />
Salzburg Flughafen – Schladming Bahnhof, Zug fährt jede Stunde, 1-3x umsteigen, Fahrzeit: 2:01 bis 2:24, Radmitnahme möglich, Sparschiene bei Frühbucher (Preis ab € 9,90 pro Richtung)</p>
<p><strong>nach/von Wien</strong>:<br />
Fahrzeit ab Wien Hauptbahnhof 3:51 (1x umsteigen), Sparschiene bei Frühbucher (ab € 19,90 pro Richtung). Radmitnahme möglich</p>
<p>Alle Zug-Informationen unter: <a href="http://www.oebb.at">www.oebb.at</a></p>
<p>Anreise mit der Deutschen Bahn: <a href="http://www.bahn.de">www.bahn.de</a></p>
</div></div><div class="w-separator size_medium"></div></div></div></div></div></section><section class="l-section wpb_row height_auto"><div class="l-section-h i-cf"><div class="g-cols vc_row via_grid cols_2 laptops-cols_inherit tablets-cols_inherit mobiles-cols_1 valign_middle type_boxes stacking_default" style="--columns-gap:0rem;"><div class="wpb_column vc_column_container"><div class="vc_column-inner"><div class="wpb_text_column"><div class="wpb_wrapper"><h5><strong>An- und Abreise mit dem PKW</strong></h5>
<p><strong>nach/von München</strong>:<br />
Fahrzeit 2:40, A8 ab München bis Salzburg, weiter die A10 bis Abfahrt Altenmarkt, weiter auf der E320 nach Schladming</p>
<p><strong>nach/von Salzburg</strong>:<br />
Fahrzeit 1:02, A1, A10 bis Abfahrt Altenmarkt, weiter auf E320 nach Schladming</p>
<p><strong>nach/von Wien</strong>:<br />
Fahrzeit 3:15, A2 bis Wr. Neustadt, S6 bis St. Michael, A9 bis Liezen, B320 bis Schladming</p>
</div></div></div></div><div class="wpb_column vc_column_container us_custom_7c57c62e has_bg_color"><div class="vc_column-inner"></div></div></div></div></section><section class="l-section wpb_row height_auto"><div class="l-section-h i-cf"><div class="g-cols vc_row via_grid cols_1 laptops-cols_inherit tablets-cols_inherit mobiles-cols_1 valign_middle type_boxes stacking_default" style="--columns-gap:0rem;"><div class="wpb_column vc_column_container"><div class="vc_column-inner"></div></div></div></div></section><section class="l-section wpb_row height_auto width_full with_img parallax_ver"><div class="l-section-img" role="img" aria-label="Bild" data-img-width="7360" data-img-height="4912" style="background-image: url(https://alpen-tour.at/wp-content/uploads/2019/06/AT_2019_REITERALM©RS-4892.jpg);"></div><div class="l-section-h i-cf"><div class="g-cols vc_row via_grid cols_1 laptops-cols_inherit tablets-cols_inherit mobiles-cols_1 valign_middle type_boxes stacking_default" style="--columns-gap:0rem;"><div class="wpb_column vc_column_container"><div class="vc_column-inner"></div></div></div></div></section>

An- und Abreise per Flugzeug &#8211; Weiterreise mit dem Zug nach/von München: München Flughafen – Schladming Bahnhof, Zug fährt jede Stunde, 1-3x umsteigen, Fahrzeit 4:06 bis 4:26, Radmitnahme möglich, Sparschiene bei Frühbucher (Preis ab € 17,20 pro Richtung) nach/von Salzburg: Salzburg Flughafen – Schladming Bahnhof, Zug fährt jede Stunde, 1-3x umsteigen, Fahrzeit: 2:01 bis 2:24,...
